g - 41. Determine f(-12).
-5
Let u(z) = z - 2. Determine u(4).
2
Let y(d) = -d**2 + 6*d - 2. Give y(8).
-18
Let h(y) = y**3 - 11*y**2 + 10*y - 3. Give h(10).
-3
Let c(z) = -z + 19. Determine c(6).
13
Let t(p) = -16*p + 58. Calculate t(3).
10
Let j(n) = -n + 8. What is j(7)?
1
Let b(n) = -64*n - 1. Give b(1).
-65
Let b(j) = 15*j - 11. Give b(2).
19
Let v(z) = z**3 - 11*z**2 + 30*z - 38. Determine v(8).
10
Let y(f) = 2*f**2 - 2*f + 2. Determine y(3).
14
Let y(a) = -a**3 - 12*a**2 - 8*a. Determine y(-11).
-33
Let b(v) = v**2 - 44*v + 222. Give b(38).
-6
Let s(l) = -l**2 - 21*l - 38. What is s(-19)?
0
Let p(o) = -o**3 + 7*o**2 - 5*o - 22. Determine p(3).
-1
Let u(v) = 3*v - 30. What is u(10)?
0
Let k(a) = -a + 25. What is k(0)?
25
Let c(b) = b**2 + b + 17. What is c(0)?
17
Let p(g) = 4*g**2 + 3*g - 22. Determine p(-3).
5
Let f(n) = -n + 24. Calculate f(17).
7
Let y(a) = a**3 + 25*a**2 - 24*a - 16. Give y(-26).
-68
Let m(j) = 8*j + 2. Calculate m(4).
34
Let u(q) = -152*q - 765. Calculate u(-5).
-5
Let l(o) = 5*o - 1. Calculate l(0).
-1
Let u(d) = d**3 - 6*d**2 + 7*d - 16. Calculate u(5).
-6
Let u(q) = 4*q - 35. What is u(11)?
9
Let a(t) = t**2 + t + 4. Determine a(7).
60
Let o(i) = -i**3 + 9*i**2 - 6*i + 51. Calculate o(9).
-3
Let f(i) = -i**2 + 18*i - 14. Calculate f(16).
18
Let l(a) = -5*a. Determine l(16).
-80
Let u(f) = 13*f - 39. Calculate u(3).
0
Let t(u) = u**2 + 3*u - 9. Give t(4).
19
Let o(i) = i**2 + 11*i - 25. What is o(-13)?
1
Let r(o) = o**2 + 32*o + 59. Give r(-30).
-1
Let u(c) = -c**2 - 24*c - 42. What is u(-21)?
21
Let m(x) = x**3 + 9*x**2 - 9*x + 9. What is m(-5)?
154
Let h(y) = 2*y - 8. Calculate h(5).
2
Let w(a) = 10*a - 137. Give w(17).
33
Let w(r) = 8*r + 112. Calculate w(-13).
8
Let p(l) = l**3 - 13*l**2 + l + 19. What is p(13)?
32
Let d(g) = 64*g + 384. Determine d(-6).
0
Let c(j) = -7*j - 171. What is c(-24)?
-3
Let t(i) = i**2 + 5*i - 18. Calculate t(7).
66
Let p(k) = 2*k**3 - 8*k**2 + k + 1. What is p(6)?
151
Let s(c) = -c**2 - 5*c + 13. Determine s(-6).
7
Let i(r) = -r + 10. Determine i(-6).
16
Let v(q) = 4*q**2 + 95*q - 21. Give v(-24).
3
Let i(n) = -2*n**2 + 2*n + 2. Give i(-1).
-2
Let w(t) = -t**3 + 5*t**2 + 5*t - 35. Give w(4).
1
Let w(t) = t**2 - 19*t - 6. Give w(19).
-6
Let b(v) = -13*v + 1. Give b(-3).
40
Let m(j) = -j**2 + 4*j. What is m(5)?
-5
Let n(x) = -x**3 + 42*x**2 - 39*x - 70. Calculate n(41).
12
Let z(h) = -h**2 + 22*h - 103. Give z(15).
2
Let b(z) = 2*z - 15. Calculate b(11).
7
Let b(j) = j**3 + 6*j**2 - 3*j - 12. What is b(-5)?
28
Let l(d) = -9*d + 2. Calculate l(1).
-7
Let j(h) = h**3 - 9*h - 2. What is j(3)?
-2
Let v(u) = u**3 + 10*u**2 + 29*u + 20. Give v(-5).
0
Let a(r) = -r**3 - 10*r**2 + 10*r - 15. Give a(-11).
-4
Let o(a) = 10*a**2 - 4*a - 5. What is o(-2)?
43
Let v(z) = 9*z + 3. Give v(2).
21
Let d(o) = 8*o - 27. Give d(1).
-19
Let a(y) = -26*y + 509. Give a(20).
-11
Let f(u) = -67*u - 197. Determine f(-3).
4
Let h(s) = 12*s - 21. What is h(-12)?
-165
Let s(h) = -h**2 - 10*h - 12. Calculate s(-6).
12
Let x(g) = -g**3 - 12*g**2 - 29*g + 28. What is x(-5)?
-2
Let i(z) = -z**3 + 3*z**2 - 1. What is i(3)?
-1
Let m(n) = -n**3 - 4*n**2 + 2*n + 2. What is m(-3)?
-13
Let y(x) = 6*x + 13. Determine y(6).
49
Let n(h) = -h**2 - 2*h + 7. Determine n(7).
-56
Let d(a) = -5*a + 5. Determine d(3).
-10
Let a(q) = -3*q**2 - q + 15. Give a(3).
-15
Let l(h) = -11*h - 27. Give l(-4).
17
Let n(b) = b**3 - 6*b**2 + 4*b + 2. Give n(5).
-3
Let y(f) = -9*f. What is y(4)?
-36
Let a(y) = 4*y**2 + y - 3. Calculate a(-1).
0
Let s(d) = -4*d**2 - 13*d - 18. Determine s(-3).
-15
Let o(f) = -f**2 - 9*f + 5. Give o(-10).
-5
Let a(m) = -2*m**2 - 29*m + 7. What is a(-15)?
-8
Let k(t) = t**3 - 4*t + 6. Determine k(-4).
-42
Let b(y) = y**2 - 22*y - 15. What is b(21)?
-36
Let w(d) = -2*d**2 - 9*d - 10. What is w(-5)?
-15
Let y(f) = f**2 - 22*f - 28. Give y(20).
-68
Let t(w) = w**3 + 12*w**2 + w - 22. Calculate t(-12).
-34
Let a(i) = 12*i + 258. Calculate a(-21).
6
Let n(b) = b**3 - 63*b**2 + 10*b - 626. Give n(63).
4
Let j(s) = s**3 + 21*s**2 - 72*s - 6. Calculate j(-24).
-6
Let l(q) = q**2 + 17*q + 18. Calculate l(-16).
2
Let z(b) = 11*b + 76. What is z(-11)?
-45
Let h(c) = c**3 - 16*c**2 - 60*c + 52. What is h(19)?
-5
Let g(i) = -i**2 + 17*i - 21. What is g(14)?
21
Let q(l) = -2*l**2 + 3*l + 1. Calculate q(2).
-1
Let v(s) = s**2 - 20*s + 90. What is v(13)?
-1
Let j(z) = -2*z - 14. What is j(-5)?
-4
Let l(q) = -2*q - 18. What is l(-6)?
-6
Let o(m) = 2*m + 20. What is o(0)?
20
Let m(c) = c**3 - 4*c**2 + 4*c - 3. Calculate m(2).
-3
Let g(k) = 2*k**3 + 33*k**2 + 20*k + 64. Give g(-16).
0
Let v(i) = 23*i + 18. Determine v(-1).
-5
Let o(u) = u**3 - 10*u**2 + 14*u - 17. Give o(8).
-33
Let y(k) = 2*k - 11. Calculate y(6).
1
Let b(z) = 5*z - 31. Give b(-4).
-51
Let c(o) = o**3 - 7*o**2 + 5*o + 19. Give c(6).
13
Let w(c) = -c + 45. What is w(7)?
38
Let k(x) = -39*x - 823. Calculate k(-21).
-4
Let p(t) = 34*t**2 + 2*t + 1. Give p(-1).
33
Let n(v) = 4*v + 7. Give n(3).
19
Let q(n) = -23*n + 1. Calculate q(1).
-22
Let h(n) = -n**3 + 15*n**2 - 13*n - 17. Determine h(14).
-3
Let o(c) = c**3 + 2*c**2 - 2*c - 5. Calculate o(-5).
-70
Let h(m) = 2*m**3 - 5*m**2 - 9*m - 12. Give h(5).
68
Let h(g) = g**3 - 11*g**2 - g - 5. What is h(11)?
-16
Let v(x) = -x + 3. What is v(9)?
-6
Let d(i) = -88*i - 6. Calculate d(-1).
82
Let o(t) = t**2 + 4*t - 186. Determine o(-16).
6
Let t(b) = -2*b - 19. Determine t(-10).
1
Let a(u) = -3*u**3 + 14*u**2 + 5*u. Calculate a(5).
0
Let s(t) = t**2 + 8*t - 21. Calculate s(-10).
-1
Let l(r) = -r**3 + 9*r**2 - 13*r. What is l(7)?
7
Let t(v) = 2*v**2 - 48*v + 53. Calculate t(23).
7
Let s(j) = -2*j. Give s(13).
-26
Let v(j) = -10*j**2 + 2*j + 5. Determine v(3).
-79
Let t(q) = q**2 + 12. Calculate t(0).
12
Let w(b) = b**3 - 7*b**2 - 8*b + 12. Determine w(8).
12
Let u(q) = q**3 + q + 8. Determine u(0).
8
Let v(c) = 6*c + 14. Give v(12).
86
Let l(z) = 6*z**2 - 175*z + 30. What is l(29)?
1
Let h(a) = 12*a**2 - 2*a - 3. Give h(-1).
11
Let c(t) = -30*t + 175. What is c(6)?
-5
Let n(a) = a**3 - 7*a**2 - 5*a + 7. Give n(6).
-59
Let b(h) = -2*h**2 + 8*h + 2. Give b(4).
2
Let m(x) = 2*x**2 + 32*x - 22. What is m(-16)?
-22
Let l(m) = 2*m**2 - 57*m + 26. What is l(28)?
-2
Let z(n) = 9*n**2 + 14*n + 3. Calculate z(-4).
91
Let z(c) = 7*c + 42. What is z(-8)?
-14
Let c(a) = 24*a + 309. Determine c(-11).
45
Let t(w) = w**3 - 4*w**2 - 14*w - 1. Determine t(6).
-13
Let y(z) = -3*z - 4. Calculate y(-3).
5
Let m(b) = 14*b + 132. Give m(0).
132
Let y(u) = u**2 + 12*u + 33. Calculate y(-7).
-2
Let p(c) = 2*c**2 + c + 2. Determine p(3).
23
Let w(q) = 2*q**2 + 51*q + 199. Give w(-5).
-6
Let a(g) = 3*g**2 - 15*g + 20. Give a(6).
38
Let y(r) = -r**2 + 4*r - 4. Give y(5).
-9
Let r(p) = 19*p - 224. Give r(12).
4
Let d(b) = b**3 + 7*b**2 + b + 5. Calculate d(-5).
50
Let f(r) = r**3 - 17*r**2 + 61*r - 7. Calculate f(12).
5
Let y(p) = 2*p**3 - 2*p**2 + 3*p - 3. Determine y(3).
42
Let z(f) = -f**2 - 10*f + 136. Determine z(-18).
-8
Let x(b) = -b**2 - 8*b + 10. What is x(-7)?
17
Let a(o) = -o**3 - 26*o**2 - 24*o + 25. What is a(-25)?
0
Let d(f) = -31*f**2 + 60*f - 2. Calculate d(2).
-6
Let v(r) = -r**3 + 8*r**2 - 2*r - 4. What is v(8)?
-20
Let h(p) = p**2 - 28*p - 70. Determine h(30).
-10
Let v(y) = -y**2 + 3. What is v(5)?
-22
Let w(s) = -s + 19. Calculate w(-4).
23
Let y(v) = -4*v - 10. Calculate y(5).
-30
Let s(c) = 2*c + 16. Give s(-13).
-10
Let h(u) = -2*u**3 - 3*u**2 + 1. Give h(-2).
5
Let o(n) = -24*n**3 + n**2 + n - 6. Calculate o(2).
-192
Let m(k) = -k**2 + 11*k + 5. Calculate m(12).
-7
Let f(w) = -w**3 + 4*w**2 + 5*w - 42. Give f(5).
-42
Let m(u) = -2*u**2 + 15*u - 17. Determine m(7).
-10
Let t(w) = 2*w - 7. What is t(3)?
-1
Let f(a) = a**3 - a**2 + 4*a - 16. What is f(0)?
-16
Let d(h) = 7*h - 66. What is d(17)?
53
Let x(g) = -2*g**2. What is x(1)?
-2
Let k(p) = -p**2 - 10*p + 10. Determine k(-11).
-1
Let c(w) = -3*w - 42. Calculate c(-12).
-6
Let x(j) = j**2 + 5*j - 3. Calculate x(-5).
-3
Let c(k) = 30*k + 29. What is c(-2)?
-31
Let b(w) = w + 9. What is b(18)?
27
Let d(r) = 18*r + 54. What is d(-3)?
0
Let y(x) = 34*x - 15. Calculate y(2).
53
Let w(r) = 2*r - 8. Give w(7).
6
Let r(t) = -t**2 + 17*t - 76. Determine r(7).
-6
Let g(w) = w**3 - 7*w**2